 6*m**2 - 6*m - 1. Give i(3).
-235
Let u(t) = 7*t**3 - 85*t**2 + 24*t - 106. What is u(12)?
38
Let k(t) = -t**2 + 394*t - 8115. What is k(22)?
69
Let d(t) = -6*t**2 + 149*t + 15. Give d(25).
-10
Let g(r) = 3*r**2 - r + 295. Give g(0).
295
Let u(t) = 11*t**3 + 26*t**2 - 24*t - 6. What is u(1)?
7
Let u(s) = 4*s - 230. Give u(33).
-98
Let w(s) = -146*s - 873. Determine w(-6).
3
Let m(t) = -16*t**2 - 1027*t - 197. Calculate m(-64).
-5
Let t(n) = 3*n**2 - 64*n - 5. What is t(21)?
-26
Let v(q) = -60*q**2 - 14*q + 1. Give v(1).
-73
Let u(k) = -k**3 - 10*k**2 - 14*k - 15. Calculate u(-8).
-31
Let b(g) = -2*g**2 + 343*g - 6964. Give b(148).
-8
Let c(h) = h**2 + 42*h + 440. Determine c(-25).
15
Let f(y) = -2*y**2 + 10*y + 24. What is f(-5)?
-76
Let c(i) = -2081*i + 49945. What is c(24)?
1
Let a(b) = -66*b + 405. Calculate a(6).
9
Let q(x) = -5*x**3 - 500*x**2 + x + 93. What is q(-100)?
-7
Let s(z) = -z**3 + 97*z**2 - 367*z - 449. What is s(93)?
16
Let o(x) = 2528*x + 37911. Determine o(-15).
-9
Let s(x) = -524*x - 19. Give s(1).
-543
Let p(d) = -5085*d + 905126. Give p(178).
-4
Let j(s) = s**3 - 72*s**2 + 330*s + 90. Give j(67).
-245
Let w(h) = -4*h**3 + 15*h**2 - 7*h + 7. Give w(5).
-153
Let r(y) = 198*y + 6352. Give r(-32).
16
Let i(a) = 3*a**3 - 18*a**2 - 95*a + 15. What is i(-5)?
-335
Let g(j) = 10*j**3 + 6*j**2 - 12*j - 21. Calculate g(3).
267
Let a(f) = -169*f - 11699. What is a(-69)?
-38
Let d(y) = 7*y**2 - 1155*y - 1177. Give d(166).
-15
Let o(u) = 18*u + 394. Give o(-24).
-38
Let w(j) = 12*j + 1861. Give w(-57).
1177
Let d(z) = z**3 + 106*z**2 - 231*z - 1566. Calculate d(-108).
54
Let b(p) = -2*p**3 + 20*p**2 + 43*p - 431. What is b(10)?
-1
Let s(p) = -3*p**2 - 96*p + 407. Give s(4).
-25
Let r(u) = u**3 - 27*u**2 + 15*u - 390. Determine r(27).
15
Let n(h) = 95*h - 760. Calculate n(8).
0
Let f(h) = -h**3 - 7*h**2 - h - 128. What is f(-8)?
-56
Let w(u) = u**3 - 13*u**2 + 16*u - 5. Calculate w(12).
43
Let z(j) = 3*j - 132. What is z(51)?
21
Let s(a) = -16*a**2 + 39*a - 41. Give s(1).
-18
Let q(m) = 96*m + 1202. What is q(-12)?
50
Let o(r) = -r**3 - 20*r**2 - 93*r - 61. Determine o(-14).
65
Let f(a) = -5*a**3 - 20*a**2 - 32*a - 7. What is f(-3)?
44
Let i(s) = -5*s**3 + 118*s**2 + 26*s + 562. What is i(24)?
34
Let t(h) = 360*h**2 + 10*h + 12. What is t(-1)?
362
Let y(x) = -19*x + 559. Calculate y(30).
-11
Let x(w) = -w**3 - 14*w**2 + 21*w - 12. Calculate x(-15).
-102
Let u(b) = -200*b + 2594. Give u(13).
-6
Let a(w) = -w**3 + 7*w**2 + 6*w - 17. Calculate a(6).
55
Let k(j) = 82*j**2 + 1231*j + 12. Determine k(-15).
-3
Let c(i) = -2*i**3 + 39*i**2 - 108*i - 37. Calculate c(16).
27
Let t(u) = u**2 - 299*u - 7369. What is t(-23)?
37
Let j(y) = -y**3 + 61*y**2 + 7068*y - 719. Give j(-59).
-11
Let n(l) = -65*l + 771. Calculate n(12).
-9
Let p(t) = -59*t + 209. What is p(3)?
32
Let y(s) = -2*s**3 + 9*s**2 - 3*s + 2. Calculate y(1).
6
Let t(y) = -y**2 - 374*y + 3845. Determine t(10).
5
Let p(b) = -17*b**2 + 27*b - 8. What is p(2)?
-22
Let w(d) = -10*d + 337. Give w(-5).
387
Let s(u) = u**3 - u**2 - 6*u - 72. What is s(0)?
-72
Let c(b) = 103*b - 1330. What is c(13)?
9
Let q(y) = -y**2 - 3*y + 71. Determine q(0).
71
Let r(f) = 2*f**3 + 79*f**2 - 34*f + 7. Give r(-40).
-233
Let c(f) = 3736*f + 3744. Determine c(-1).
8
Let o(v) = -2033*v + 24411. Calculate o(12).
15
Let f(q) = 2*q**2 - 19*q + 23. Give f(11).
56
Let x(r) = 3*r**2 + 51*r - 24. Determine x(-18).
30
Let m(g) = -29*g + 59. What is m(-5)?
204
Let r(h) = -h**2 + 18. What is r(-8)?
-46
Let h(w) = -w**2 + 20*w - 29. Give h(18).
7
Let v(r) = -r**2 - 2*r - 3. Give v(5).
-38
Let j(c) = 14*c - 75. Calculate j(14).
121
Let p(f) = 136*f - 428. What is p(3)?
-20
Let t(n) = 3*n**2 - 7*n - 57. Calculate t(5).
-17
Let p(l) = 20*l**2 - 41*l - 78. Determine p(-2).
84
Let d(z) = -7*z**2 + 10216*z + 10216. Determine d(-1).
-7
Let l(r) = 2*r**3 + 10*r**2 + 8*r - 21. What is l(-4)?
-21
Let d(j) = -j**3 - 30*j**2 - 209*j - 11. Give d(-11).
-11
Let d(t) = -t**2 + 56*t + 444. Calculate d(-7).
3
Let l(i) = -i**3 + 19*i**2 + 148*i + 45. Calculate l(25).
-5
Let i(p) = -138*p - 952. Calculate i(-7).
14
Let f(c) = -9*c**2 + 2*c + 3. Determine f(0).
3
Let c(i) = 3*i + 20. Calculate c(5).
35
Let j(p) = -5*p**2 - 230*p - 2034. Determine j(-34).
6
Let z(l) = l**2 + 385*l - 1544. What is z(4)?
12
Let p(r) = -r**3 - 6*r**2 + 2*r + 5. Calculate p(-5).
-30
Let d(q) = -15*q**3 + q - 3. Give d(-2).
115
Let c(g) = g**3 - 28*g**2 + 37*g + 388. Calculate c(26).
-2
Let j(r) = -r**3 + 6*r**2 + 9*r + 4. What is j(8)?
-52
Let f(o) = -o**2 + 33*o - 135. Calculate f(4).
-19
Let j(i) = 19*i**2 - 19*i + 2. Give j(1).
2
Let p(h) = h**3 - 13*h**2 + 3*h - 10. What is p(11)?
-219
Let n(l) = -3*l**2 + 27*l - 87. Calculate n(4).
-27
Let t(p) = p**3 + 6*p**2 + 4*p - 22. Calculate t(-5).
-17
Let y(m) = -704*m - 2109. Calculate y(-3).
3
Let d(b) = -11*b**2 - 39*b + 4. What is d(-4)?
-16
Let l(j) = -10*j**3 + 2*j**2 + 2*j - 11. What is l(-3)?
271
Let b(k) = -8*k**2 - 52*k + 259. Calculate b(6).
-341
Let a(r) = r**3 - 16*r**2 + 51*r - 44. What is a(12)?
-8
Let q(x) = -7*x**2 + 93*x - 96. Determine q(12).
12
Let t(p) = 18*p**2 + 152*p - 20. Calculate t(-8).
-84
Let n(p) = -p**2 - 30*p - 86. Give n(-27).
-5
Let l(v) = -245*v - 2425. What is l(-10)?
25
Let b(s) = s**3 - 12*s**2 - 11*s + 2. Determine b(13).
28
Let h(j) = 3*j**3 - 9*j - 71. Give h(-5).
-401
Let k(f) = -40*f**2 - 142*f - 8. Give k(-4).
-80
Let l(d) = d**3 + 14*d**2 + 57*d + 60. Give l(-2).
-6
Let y(p) = 505*p - 16090. What is y(32)?
70
Let t(o) = o**2 + 45*o + 223. Calculate t(-6).
-11
Let b(c) = c**3 + 118*c**2 - 245*c - 605. Give b(-120).
-5
Let p(f) = 35*f - 1093. What is p(31)?
-8
Let u(f) = -f**2 - 97*f - 1646. Give u(-22).
4
Let p(l) = 32*l - 287. Give p(9).
1
Let b(n) = 2*n**3 + 62*n**2 + 61*n + 52. What is b(-30)?
22
Let q(y) = -y**3 + 2*y**2 + 15*y - 38. Determine q(4).
-10
Let w(f) = 4*f**2 + 86*f - 82. Calculate w(-21).
-124
Let t(m) = 8*m - 76. What is t(-18)?
-220
Let h(m) = 2032*m + 30457. Give h(-15).
-23
Let i(w) = 5*w**3 - 3*w**2 - 15*w + 29. Give i(2).
27
Let a(d) = d**3 + 8*d**2 + 30*d + 63. Calculate a(-4).
7
Let s(b) = 2*b**3 + 13*b**2 + 27*b - 17. Calculate s(-4).
-45
Let x(g) = 45*g**2 - 30*g - 9. Calculate x(2).
111
Let b(j) = -j**3 - 26*j**2 - 48*j - 579. Determine b(-25).
-4
Let w(a) = -25*a - 45. Calculate w(-3).
30
Let j(o) = 2*o**3 + 243*o**2 + 2130*o + 227. What is j(-112)?
3
Let b(w) = 3736*w - 22414. Determine b(6).
2
Let y(c) = -c**2 + 20*c + 195. Give y(-16).
-381
Let c(g) = -g**3 + 15*g**2 + 59*g + 31. Determine c(19).
-292
Let y(n) = n**2 - 115*n + 666. Give y(6).
12
Let v(j) = -310*j + 65716. Give v(212).
-4
Let z(w) = w**2 - 29*w + 216. What is z(14)?
6
Let y(p) = -p**2 - 39*p + 155. What is y(-48)?
-277
Let h(i) = -34*i - 293. What is h(-8)?
-21
Let h(v) = -35*v + 2611. Calculate h(75).
-14
Let j(z) = z**2 + 11*z + 28. Give j(-19).
180
Let j(u) = 4*u**2 - 157*u + 27. Calculate j(39).
-12
Let x(w) = 2*w**2 - 6*w + 246. Calculate x(12).
462
Let z(k) = -4*k**2 - 42*k + 274. Calculate z(-15).
4
Let m(v) = -45*v**2 - 6842*v - 288. Give m(-152).
16
Let v(q) = 144*q + 1338. What is v(-11)?
-246
Let i(w) = 626*w + 7503. What is i(-12)?
-9
Let i(s) = s**2 + 27*s - 26. What is i(-24)?
-98
Let c(p) = 3*p**2 + 9*p + 160. Calculate c(12).
700
Let s(m) = m**2 + 42*m + 20. Calculate s(-27).
-385
Let f(h) = -3*h**2 - 92*h - 144. Give f(-29).
1
Let w(r) = -r**2 + 5*r + 93. Give w(11).
27
Let v(k) = -6*k**3 + 109*k**2 - 18*k + 2. Determine v(18).
2
Let u(d) = 36*d**2 + 18*d - 40. Calculate u(2).
140
Let d(f) = -103*f + 840. Give d(8).
16
Let s(p) = -22*p**2 - 96*p - 48. Determine s(-5).
-118
Let t(g) = -5*g**3 + 7*g**2 + 4. Calculate t(4).
-204
Let x(s) = s**3 - 54*s**2 - 164*s - 120. Determine x(57).
279
Let f(a) = -a**3 - 9*a**2 - 31*a + 30. Give f(-6).
108
Let r(w) = 28*w + 78. Give r(-4).
-34
Let h(y) = -91*y**2 + y - 308. What is h(0)?
-308
Let x(c) = 5*c**2 - 108*c - 9. Determine x(23).
152
Let w(i) = -i**3 + 13*i**2 - 11*i - 14. Calculate w(12).
-2
Let p(l) = 4*l**3 + 26*l**2 - 12*l + 15. Give p(-7).
1
Let o(x) = 373*x - 3364. Determine o(9).
-7
Let h(b) = -b**3 + 4*b**2 + 31*b - 16. Determine h(8).
-24
Let h(k) = -k**3 + 33*k**2 + 12*k - 393. Give h(33).
3
Let i(h